thousands digit of 459082?
5
What is the hundreds digit of 27077857?
8
What is the thousands digit of 2289416?
9
What is the hundred thousands digit of 386222?
3
What is the thousands digit of 5603053?
3
What is the hundred thousands digit of 6053386?
0
What is the tens digit of 24890561?
6
What is the tens digit of 91093?
9
What is the tens digit of 250221?
2
What is the units digit of 691318?
8
What is the ten thousands digit of 522014?
2
What is the hundreds digit of 20680334?
3
What is the ten thousands digit of 519634?
1
What is the ten thousands digit of 320465?
2
What is the units digit of 1784294?
4
What is the tens digit of 3451054?
5
What is the units digit of 1910985?
5
What is the tens digit of 383108?
0
What is the hundreds digit of 291764?
7
What is the hundred thousands digit of 4809621?
8
What is the ten thousands digit of 32322?
3
What is the thousands digit of 674284?
4
What is the thousands digit of 27308963?
8
What is the hundreds digit of 7722529?
5
What is the thousands digit of 4438089?
8
What is the millions digit of 11626893?
1
What is the ten thousands digit of 16623561?
2
What is the thousands digit of 315772?
5
What is the units digit of 288898?
8
What is the units digit of 1232912?
2
What is the ten thousands digit of 896406?
9
What is the thousands digit of 1011607?
1
What is the millions digit of 3174902?
3
What is the hundreds digit of 2734815?
8
What is the hundreds digit of 59539?
5
What is the units digit of 1430211?
1
What is the units digit of 7501262?
2
What is the hundreds digit of 2666763?
7
What is the tens digit of 2946027?
2
What is the tens digit of 400578?
7
What is the hundred thousands digit of 4199483?
1
What is the units digit of 25487?
7
What is the units digit of 2009982?
2
What is the hundreds digit of 1027287?
2
What is the units digit of 30684299?
9
What is the ten thousands digit of 645080?
4
What is the tens digit of 84333?
3
What is the tens digit of 419632?
3
What is the hundred thousands digit of 3916389?
9
What is the millions digit of 2136194?
2
What is the hundred thousands digit of 547449?
5
What is the thousands digit of 3961181?
1
What is the millions digit of 1125887?
1
What is the tens digit of 188015?
1
What is the thousands digit of 3958089?
8
What is the ten thousands digit of 2473213?
7
What is the thousands digit of 111615?
1
What is the ten thousands digit of 1706676?
0
What is the hundred thousands digit of 538924?
5
What is the millions digit of 8457931?
8
What is the tens digit of 7615703?
0
What is the ten thousands digit of 95022?
9
What is the ten thousands digit of 263196?
6
What is the thousands digit of 200926?
0
What is the ten thousands digit of 4054618?
5
What is the tens digit of 431418?
1
What is the millions digit of 2637695?
2
What is the hundred thousands digit of 3812917?
8
What is the thousands digit of 40165?
0
What is the units digit of 3946353?
3
What is the millions digit of 3512812?
3
What is the tens digit of 868280?
8
What is the ten thousands digit of 87228?
8
What is the thousands digit of 115019?
5
What is the hundred thousands digit of 2286795?
2
What is the thousands digit of 340163?
0
What is the ten thousands digit of 21929837?
2
What is the units digit of 3252798?
8
What is the ten thousands digit of 5681758?
8
What is the tens digit of 538567?
6
What is the tens digit of 360226?
2
What is the units digit of 197049?
9
What is the hundred thousands digit of 515075?
5
What is the ten thousands digit of 247835?
4
What is the units digit of 97078?
8
What is the tens digit of 28972121?
2
What is the ten thousands digit of 1227738?
2
What is the thousands digit of 17260966?
0
What is the units digit of 259704?
4
What is the tens digit of 242311?
1
What is the hundred thousands digit of 935444?
9
What is the thousands digit of 1791044?
1
What is the millions digit of 2023287?
2
What is the thousands digit of 5091988?
1
What is the millions digit of 3195334?
3
What is the millions digit of 15518248?
5
What is the hundred thousands digit of 3451722?
4
What is the hundreds digit of 867622?
6
What is the thousands digit of 1076119?
6
What is the hundreds digit of 1288429?
4
What is the hundreds digit of 3180935?
9
What is the thousands digit of 1708071?
8
What is the ten thousands digit of 20974?
2
What is the millions digit of 3536795?
3
What is the hundred thousands digit of 289392?
2
What is the ten thousands digit of 201986?
0
What is the tens digit of 3748214?
1
What is the ten thousands digit of 6877076?
7
What is the thousands digit of 133487?
3
What is the units digit of 326108?
8
What is the units digit of 1078329?
9
What is the hundred thousands digit of 117889?
1
What is the hundred thousands digit of 1420337?
4
What is the thousands digit of 1517586?
7
What is the hundreds digit of 2463409?
4
What is the units digit of 1405977?
7
What is the thousands digit of 3831398?
1
What is the thousands digit of 5508660?
8
What is the tens digit of 693573?
7
What is the hundreds digit of 5719984?
9
What is the thousands digit of 276313?
6
What is the hundreds digit of 180816?
8
What is the ten thousands digit of 3155009?
5
What is the tens digit of 171301?
0
What is the millions digit of 1095889?
1
What is the tens digit of 6978870?
7
What is the hundreds digit of 32326136?
1
What is the hundreds digit of 220415?
4
What is the hundreds digit of 991409?
4
What is the thousands digit of 7476622?
6
What is the ten thousands digit of 40396?
4
What is the tens digit of 37641?
4
What is the hundreds digit of 2390608?
6
What is the ten thousands digit of 1193942?
9
What is the ten thousands digit of 567189?
6
What is the hundreds digit of 4454565?
5
What is the hundreds digit of 90216?
2
What is the thousands digit of 6039107?
9
What is the hundreds digit of 1556847?
8
What is the tens digit of 41743?
4
What is the hundreds digit of 7845?
8
What is the thousands digit of 307308?
7
What is the hundreds digit of 90784?
7
What is the hundred thousands digit of 1623856?
6
What is the hundred thousands digit of 11328518?
3
What is the ten thousands digit of 18289298?
8
What is the hundreds digit of 1310250?
2
What is the tens digit of 3313678?
7
What is the millions digit of 1007085?
1
What is the hundreds digit of 590031?
0
What is the ten thousands digit of 8224601?
2
What is the tens digit of 8860351?
5
What is the hundred thousands digit of 522528?
5
What is the hundreds digit of 11742?
7
What is the hundreds digit of 8822520?
5
What is the hundred thousands digit of 1105374?
1
What is the ten thousands digit of 1241969?
4
What is the hundreds digit of 424332?
3
What is the millions digit of 11055587?
1
What is the thousands digit of 12829239?
9
What is the tens digit of 293439?
3
What is the hundred thousands digit of 403297?
4
What is the hundreds digit of 4255918?
9
What is the ten thousands digit of 60465?
6
What is the millions digit of 4909383?
4
What is the hundreds digit of 19293844?
8
What is the units digit of 900687?
7
What is the thousands digit of 99984?
9
What is the millions digit of 21282783?
1
What is the hundred thousands digit of 2041678?
0
What is the units digit of 1404757?
7
What is the tens digit of 273888?
8
What is the units digit of 987868?
8
What is the thousands digit of 64859?
4
What is the hundreds digit of 91142?
1
What is the hundreds digit of 6717390?
3
What is the ten millions digit of 18434693?
1
What is the units digit of 1815638?
8
What is the tens digit of 1420501?
0
What is the hundreds digit of 372277?
2
What is the thousands digit of 38161?
8
What is the hundreds digit of 15240556?
5
What is the ten thousands digit of 67654?
6
What is the units digit of 9479005?
5
What is the tens digit of 909799?
9
What is the ten thousands digit of 34437746?
3
What is the ten thousands digit of 2164053?
6
What is the tens digit of 450317?
1
What is the ten thousands digit of 1493056?
9
What is the tens digit of 780136?
3
What is the hundreds digit of 278726?
7
What is the ten millions digit of 27502555?
2
What is the hundred thousands digit of 296212?
2
What is the hundreds digit of 775790?
7
What is the units digit of 4781824?
4
What is the units digit of 809456?
6
What is the tens digit of 453255?
5
What is the hundred thou